{"id":2976,"date":"2026-04-23T15:58:45","date_gmt":"2026-04-23T15:58:45","guid":{"rendered":"https:\/\/www.pferdezuchtverein-freudenberg.de\/?page_id=2976"},"modified":"2026-04-23T17:29:04","modified_gmt":"2026-04-23T17:29:04","slug":"freispringwettbewerb2026-1","status":"publish","type":"page","link":"https:\/\/www.pferdezuchtverein-freudenberg.de\/index.php\/freispringwettbewerb2026-1\/","title":{"rendered":"Freispringwettbewerb2026"},"content":{"rendered":"<div class=\"\" style=\"\" >\n    \n    <section class=\"u-clearfix u-section-2\" id=\"block-1\">\n      <div class=\"u-clearfix u-sheet u-valign-middle-sm u-valign-middle-xs u-sheet-1\">\n        <h6 class=\"u-align-center u-text u-text-1\">\n          <br><span style=\"font-weight: 700;\"><\/span><span style=\"font-weight: 700;\">14. Freudenberger Freispringwettbewerb&nbsp;<\/span>\n          <br><span style=\"font-weight: 700;\">&nbsp;12. April 2026<br><span style=\"font-weight: 700;\"><\/span><\/span>\n          <br>\n        <\/h6>\n        <div class=\"u-expanded-width u-gallery u-layout-grid u-lightbox u-no-transition u-show-text-none u-gallery-1\">\n          <div class=\"u-gallery-inner u-gallery-inner-1\">\n            <div class=\"u-effect-hover-zoom u-gallery-item\">\n              <div class=\"u-back-slide\" data-image-width=\"600\" data-image-height=\"373\">\n                <img decoding=\"async\" class=\"u-back-image u-expanded\" src=\"https:\/\/www.pferdezuchtverein-freudenberg.de\/wp-content\/uploads\/2026\/04\/richtertisch.jpg\">\n              <\/div>\n              <div class=\"u-over-slide u-shading u-over-slide-1\"><\/div>\n            <\/div>\n            <div class=\"u-effect-hover-zoom u-gallery-item\">\n              <div class=\"u-back-slide\" data-image-width=\"600\" data-image-height=\"400\">\n                <img decoding=\"async\" class=\"u-back-image u-expanded\" src=\"https:\/\/www.pferdezuchtverein-freudenberg.de\/wp-content\/uploads\/2026\/04\/korb1.jpg\">\n              <\/div>\n              <div class=\"u-over-slide u-shading u-over-slide-2\"><\/div>\n            <\/div>\n            <div class=\"u-effect-hover-zoom u-gallery-item\">\n              <div class=\"u-back-slide\" data-image-width=\"600\" data-image-height=\"411\">\n                <img decoding=\"async\" class=\"u-back-image u-expanded\" src=\"https:\/\/www.pferdezuchtverein-freudenberg.de\/wp-content\/uploads\/2026\/04\/blumen.jpg\">\n              <\/div>\n              <div class=\"u-over-slide u-shading u-over-slide-3\"><\/div>\n            <\/div>\n            <div class=\"u-effect-hover-zoom u-gallery-item\">\n              <div class=\"u-back-slide\" data-image-width=\"600\" data-image-height=\"253\">\n                <img decoding=\"async\" class=\"u-back-image u-expanded\" src=\"https:\/\/www.pferdezuchtverein-freudenberg.de\/wp-content\/uploads\/2026\/04\/schaerpe.jpg\">\n              <\/div>\n              <div class=\"u-over-slide u-shading u-over-slide-4\"><\/div>\n            <\/div>\n            <div class=\"u-effect-hover-zoom u-gallery-item\">\n              <div class=\"u-back-slide\" data-image-width=\"600\" data-image-height=\"431\">\n                <img decoding=\"async\" class=\"u-back-image u-expanded\" src=\"https:\/\/www.pferdezuchtverein-freudenberg.de\/wp-content\/uploads\/2026\/04\/praesente.jpg\">\n              <\/div>\n              <div class=\"u-over-slide u-shading u-over-slide-5\"><\/div>\n            <\/div>\n            <div class=\"u-effect-hover-zoom u-gallery-item\">\n              <div class=\"u-back-slide\" data-image-width=\"600\" data-image-height=\"497\">\n                <img decoding=\"async\" class=\"u-back-image u-expanded\" src=\"https:\/\/www.pferdezuchtverein-freudenberg.de\/wp-content\/uploads\/2026\/04\/eimer.jpg\">\n              <\/div>\n              <div class=\"u-over-slide u-shading u-over-slide-6\"><\/div>\n            <\/div>\n          <\/div>\n        <\/div>\n        <h6 class=\"u-align-center u-text u-text-custom-color-3 u-text-2\">\n          <br><span style=\"font-weight: 700;\"><\/span><span style=\"font-weight: 700;\">Wir m\u00f6chten an dieser Stelle zun\u00e4chst den Siegern und allen Platzierten unseres<br>14. Freudenberger Freispringwettbewerbes<br>noch einmal ganz herzlich zu ihrem Erfolg gratulieren...<br><span style=\"font-weight: 700;\"><\/span><\/span>\n          <br>\n        <\/h6>\n        <div class=\"u-expanded-width u-gallery u-layout-grid u-lightbox u-no-transition u-show-text-none u-gallery-2\">\n          <div class=\"u-gallery-inner u-gallery-inner-2\">\n            <div class=\"u-effect-hover-zoom u-gallery-item\">\n              <div class=\"u-back-slide\" data-image-width=\"600\" data-image-height=\"267\">\n                <img decoding=\"async\" class=\"u-back-image u-expanded\" src=\"https:\/\/www.pferdezuchtverein-freudenberg.de\/wp-content\/uploads\/2026\/04\/schleifen.jpg\">\n              <\/div>\n              <div class=\"u-over-slide u-shading u-over-slide-7\"><\/div>\n            <\/div>\n            <div class=\"u-effect-hover-zoom u-gallery-item\">\n              <div class=\"u-back-slide\" data-image-width=\"400\" data-image-height=\"600\">\n                <img decoding=\"async\" class=\"u-back-image u-expanded\" src=\"https:\/\/www.pferdezuchtverein-freudenberg.de\/wp-content\/uploads\/2026\/04\/parcours.jpg\">\n              <\/div>\n              <div class=\"u-over-slide u-shading u-over-slide-8\"><\/div>\n            <\/div>\n            <div class=\"u-effect-hover-zoom u-gallery-item u-hidden-md u-gallery-item-9\" data-image-width=\"600\" data-image-height=\"412\">\n              <div class=\"u-back-slide\">\n                <img decoding=\"async\" class=\"u-back-image u-expanded\" src=\"https:\/\/www.pferdezuchtverein-freudenberg.de\/wp-content\/uploads\/2026\/04\/schleifen1.jpg\">\n              <\/div>\n              <div class=\"u-over-slide u-shading u-over-slide-9\"><\/div>\n            <\/div>\n          <\/div>\n        <\/div>\n        <h6 class=\"u-align-center u-text u-text-custom-color-3 u-text-3\">\n          <br><span style=\"font-weight: 700;\"><\/span><span style=\"font-weight: 700;\">und nicht vers\u00e4umen, uns auch noch einmal bei unseren Sponsoren<br><span style=\"font-weight: 700;\"><\/span><\/span>\n          <br>\n        <\/h6>\n      <\/div>\n    <\/section>\n    <section class=\"u-clearfix u-section-3\" id=\"block-3\">\n      <div class=\"u-clearfix u-sheet u-valign-middle-sm u-valign-middle-xs u-valign-top-lg u-valign-top-xl u-sheet-1\">\n        <p class=\"u-align-center u-text u-text-custom-color-4 u-text-1\"><span style=\"font-weight: 700;\">Deckstation Paul Schockem\u00f6hle, M\u00fchlen<br>Hengsstation Hof Sosath, Gerd Sosath, Lemwerder<br>Zuchthof Klatte, Lastrup-Klein Roschaden<br>Reitartikel &amp; Sattlerei Dirk Schwantz, Syke<\/span>\n          <br><span style=\"font-weight: 700;\">Gest\u00fct Stiekema, Edewecht-Jeddeloh<\/span>\n          <br><span style=\"font-weight: 700;\">Hengststation Dirk Ahlmann, Reher<br>Hengsstation Sven V\u00f6lz, Bienenb\u00fcttel<br>Melli's Reitershop, Stuhr<br>Gest\u00fct Ligges, Ascheberg<br>Ludger Beerbaum Stables, Riesenbeck<br>Raiffeisen-Markt, Bruchhausen-Vilsen<br>Hengststation Ren\u00e9 Tebbel, Emsb\u00fcren<br>Gest\u00fct Bonhomme GmbH &amp; Co. KG, Werder (Havel)<br>Bemer Partner Finkener, Syke<br>Raika Kraftfutterwerke Mittelweser Heide GmbH, Schweringen<br><\/span>\n          <br>\n        <\/p>\n        <h6 class=\"u-align-center u-text u-text-custom-color-3 u-text-2\">&nbsp;f\u00fcr die gro\u00dfz\u00fcgige Unterst\u00fctzung unserer Veranstaltung zu bedanken!<span style=\"font-weight: 700;\">\n            <br><span style=\"font-weight: 700;\"><\/span><\/span>\n          <br>\n        <\/h6>\n      <\/div>\n    <\/section>\n    <section class=\"u-clearfix u-section-4\" id=\"block-2\">\n      <div class=\"u-clearfix u-sheet u-valign-middle-xl u-valign-top-sm u-sheet-1\">\n        <div class=\"u-expanded-width u-gallery u-layout-grid u-lightbox u-no-transition u-show-text-none u-gallery-1\">\n          <div class=\"u-gallery-inner u-gallery-inner-1\">\n            <div class=\"u-effect-hover-zoom u-gallery-item\">\n              <div class=\"u-back-slide\" data-image-width=\"600\" data-image-height=\"417\">\n                <img decoding=\"async\" class=\"u-back-image u-expanded\" src=\"https:\/\/www.pferdezuchtverein-freudenberg.de\/wp-content\/uploads\/2026\/04\/schaerpemschleifen.jpg\">\n              <\/div>\n              <div class=\"u-over-slide u-shading u-over-slide-1\"><\/div>\n            <\/div>\n            <div class=\"u-effect-hover-zoom u-gallery-item\">\n              <div class=\"u-back-slide\" data-image-width=\"600\" data-image-height=\"226\">\n                <img decoding=\"async\" class=\"u-back-image u-expanded\" src=\"https:\/\/www.pferdezuchtverein-freudenberg.de\/wp-content\/uploads\/2026\/04\/richtertisch1.jpg\">\n              <\/div>\n              <div class=\"u-over-slide u-shading u-over-slide-2\"><\/div>\n            <\/div>\n          <\/div>\n        <\/div>\n        <a href=\"https:\/\/www.pferdezuchtverein-freudenberg.de\/wp-content\/uploads\/2026\/04\/FrSprWB2026Ergebnisse3j.pdf\" class=\"u-active-palette-5-light-2 u-border-none u-btn u-btn-round u-button-style u-file-link u-hover-palette-5-base u-palette-5-base u-radius u-btn-1\">ERGEBNISSE&nbsp; -&nbsp; Abteilung 3-j\u00e4hrige<\/a>\n        <a href=\"https:\/\/www.pferdezuchtverein-freudenberg.de\/wp-content\/uploads\/2026\/04\/FrSprWB2026Ergebnisse4j.pdf\" class=\"u-active-palette-5-light-2 u-border-none u-btn u-btn-round u-button-style u-file-link u-hover-palette-5-base u-palette-5-base u-radius u-btn-2\">ERGEBNISSE&nbsp; -&nbsp; Abteilung 4-j\u00e4hrige<\/a>\n      <\/div>\n    <\/section>\n    <section class=\"u-clearfix u-section-5\" id=\"block-4\">\n      <div class=\"u-clearfix u-sheet u-valign-middle-md u-valign-middle-sm u-valign-middle-xl u-sheet-1\">\n        <p class=\"u-align-center u-text u-text-1\"><span style=\"font-weight: 700;\"><span class=\"u-text-custom-color-3\">Wir freuen uns schon heute darauf,<br>Sie im n\u00e4chsten Jahr wieder begr\u00fc\u00dfen zu k\u00f6nnen - bei unserem<\/span>\n            <br>\n            <br><span class=\"u-text-custom-color-4\">15. Freudenberger Freispringwettbewerb!<\/span><\/span>\n          <br>\n        <\/p>\n      <\/div>\n    <\/section>\n    <section class=\"u-clearfix u-section-6\" id=\"sec-1382\">\n      <div class=\"u-clearfix u-sheet u-valign-middle-lg u-valign-middle-md u-valign-middle-sm u-valign-middle-xl u-sheet-1\">\n        <div class=\"u-expanded-width-lg u-expanded-width-md u-expanded-width-sm u-expanded-width-xs u-gallery u-layout-grid u-lightbox u-no-transition u-show-text-none u-gallery-1\">\n          <div class=\"u-gallery-inner u-gallery-inner-1\">\n            <div class=\"u-effect-hover-zoom u-gallery-item\">\n              <div class=\"u-back-slide\" data-image-width=\"397\" data-image-height=\"600\">\n                <img decoding=\"async\" class=\"u-back-image u-expanded\" src=\"https:\/\/www.pferdezuchtverein-freudenberg.de\/wp-content\/uploads\/2026\/04\/abt4lampe.jpg\">\n              <\/div>\n              <div class=\"u-over-slide u-shading u-over-slide-1\"><\/div>\n            <\/div>\n            <div class=\"u-effect-hover-zoom u-gallery-item\">\n              <div class=\"u-back-slide\" data-image-width=\"600\" data-image-height=\"553\">\n                <img decoding=\"async\" class=\"u-back-image u-expanded\" src=\"https:\/\/www.pferdezuchtverein-freudenberg.de\/wp-content\/uploads\/2026\/04\/abt3sakowski.jpg\">\n              <\/div>\n              <div class=\"u-over-slide u-shading u-over-slide-2\"><\/div>\n            <\/div>\n            <div class=\"u-effect-hover-zoom u-gallery-item\">\n              <div class=\"u-back-slide\" data-image-width=\"419\" data-image-height=\"600\">\n                <img decoding=\"async\" class=\"u-back-image u-expanded\" src=\"https:\/\/www.pferdezuchtverein-freudenberg.de\/wp-content\/uploads\/2026\/04\/abt4schroeder3.jpg\">\n              <\/div>\n              <div class=\"u-over-slide u-shading u-over-slide-3\"><\/div>\n            <\/div>\n            <div class=\"u-effect-hover-zoom u-gallery-item\">\n              <div class=\"u-back-slide\" data-image-width=\"600\" data-image-height=\"544\">\n                <img decoding=\"async\" class=\"u-back-image u-expanded\" src=\"https:\/\/www.pferdezuchtverein-freudenberg.de\/wp-content\/uploads\/2026\/04\/abt4rollwage.jpg\">\n              <\/div>\n              <div class=\"u-over-slide u-shading u-over-slide-4\"><\/div>\n            <\/div>\n            <div class=\"u-effect-hover-zoom u-gallery-item\">\n              <div class=\"u-back-slide\" data-image-width=\"520\" data-image-height=\"600\">\n                <img decoding=\"async\" class=\"u-back-image u-expanded\" src=\"https:\/\/www.pferdezuchtverein-freudenberg.de\/wp-content\/uploads\/2026\/04\/abt3sakowski1.jpg\">\n              <\/div>\n              <div class=\"u-over-slide u-shading u-over-slide-5\"><\/div>\n            <\/div>\n            <div class=\"u-effect-hover-zoom u-gallery-item\">\n              <div class=\"u-back-slide\" data-image-width=\"379\" data-image-height=\"553\">\n                <img decoding=\"async\" class=\"u-back-image u-expanded\" src=\"https:\/\/www.pferdezuchtverein-freudenberg.de\/wp-content\/uploads\/2026\/04\/abt4heithaus1.jpeg\">\n              <\/div>\n              <div class=\"u-over-slide u-shading u-over-slide-6\"><\/div>\n            <\/div>\n          <\/div>\n        <\/div>\n      <\/div>\n    <\/section>\n    <section class=\"u-clearfix u-palette-5-light-2 u-section-7\" id=\"block-6\">\n      <div class=\"u-clearfix u-sheet u-sheet-1\">\n        <div class=\"u-expanded-width u-gallery u-layout-horizontal u-lightbox u-no-transition u-show-text-on-hover u-gallery-1\">\n          <div class=\"u-gallery-inner\"><div class=\"u-effect-fade u-gallery-item u-gallery-item-1\"><div class=\"u-back-slide\" data-image-width=\"600\" data-image-height=\"457\"><img decoding=\"async\" class=\"u-back-image\" src=\"https:\/\/www.pferdezuchtverein-freudenberg.de\/wp-content\/uploads\/2026\/04\/abt4siems4.jpg\">\n<\/div><div class=\"u-over-slide u-shading u-over-slide-1\"><\/div>\n<\/div><div class=\"u-effect-fade u-gallery-item u-gallery-item-2\"><div class=\"u-back-slide\" data-image-width=\"600\" data-image-height=\"574\"><img decoding=\"async\" class=\"u-back-image\" src=\"https:\/\/www.pferdezuchtverein-freudenberg.de\/wp-content\/uploads\/2026\/04\/abt3lindhoff1.jpg\">\n<\/div><div class=\"u-over-slide u-shading u-over-slide-2\"><\/div>\n<\/div><div class=\"u-effect-fade u-gallery-item u-gallery-item-3\"><div class=\"u-back-slide\" data-image-width=\"600\" data-image-height=\"502\"><img decoding=\"async\" class=\"u-back-image\" src=\"https:\/\/www.pferdezuchtverein-freudenberg.de\/wp-content\/uploads\/2026\/04\/abt4schroeder2.jpg\">\n<\/div><div class=\"u-over-slide u-shading u-over-slide-3\"><\/div>\n<\/div><div class=\"u-effect-fade u-gallery-item u-gallery-item-4\"><div class=\"u-back-slide\" data-image-width=\"551\" data-image-height=\"600\"><img decoding=\"async\" class=\"u-back-image\" src=\"https:\/\/www.pferdezuchtverein-freudenberg.de\/wp-content\/uploads\/2026\/04\/abt4lindhoff.jpg\">\n<\/div><div class=\"u-over-slide u-shading u-over-slide-4\"><\/div>\n<\/div><div class=\"u-effect-fade u-gallery-item u-gallery-item-5\"><div class=\"u-back-slide\" data-image-width=\"403\" data-image-height=\"600\"><img decoding=\"async\" class=\"u-back-image\" src=\"https:\/\/www.pferdezuchtverein-freudenberg.de\/wp-content\/uploads\/2026\/04\/abt4siems3.jpg\">\n<\/div><div class=\"u-over-slide u-shading u-over-slide-5\"><\/div>\n<\/div><div class=\"u-effect-fade u-gallery-item u-gallery-item-6\"><div class=\"u-back-slide\" data-image-width=\"600\" data-image-height=\"532\"><img decoding=\"async\" class=\"u-back-image\" src=\"https:\/\/www.pferdezuchtverein-freudenberg.de\/wp-content\/uploads\/2026\/04\/abt4gaehler.jpg\">\n<\/div><div class=\"u-over-slide u-shading u-over-slide-6\"><\/div>\n<\/div><div class=\"u-effect-fade u-gallery-item u-gallery-item-7\" data-image-width=\"562\" data-image-height=\"600\"><div class=\"u-back-slide\" data-image-width=\"565\" data-image-height=\"600\"><img decoding=\"async\" class=\"u-back-image\" src=\"https:\/\/www.pferdezuchtverein-freudenberg.de\/wp-content\/uploads\/2026\/04\/abt3nordhorn1.jpg\">\n<\/div><div class=\"u-over-slide u-shading u-over-slide-7\"><\/div>\n<\/div><div class=\"u-effect-fade u-gallery-item u-gallery-item-8\" data-image-width=\"472\" data-image-height=\"600\"><div class=\"u-back-slide\"><img decoding=\"async\" class=\"u-back-image\" src=\"https:\/\/www.pferdezuchtverein-freudenberg.de\/wp-content\/uploads\/2026\/04\/abt3lindhoff.jpg\">\n<\/div><div class=\"u-over-slide u-shading u-over-slide-8\"><\/div>\n<\/div><\/div>\n          <a class=\"u-absolute-vcenter u-custom-color-22 u-gallery-nav u-gallery-nav-prev u-opacity u-opacity-70 u-spacing-10 u-gallery-nav-1\" href=\"#\" role=\"button\"><span aria-hidden=\"true\">\n              <svg viewBox=\"0 0 8 8\"><path d=\"M5.25 0l-4 4 4 4 1.5-1.5-2.5-2.5 2.5-2.5-1.5-1.5z\"><\/path><\/svg><\/span><span class=\"sr-only\">\n              <svg viewBox=\"0 0 8 8\"><path d=\"M5.25 0l-4 4 4 4 1.5-1.5-2.5-2.5 2.5-2.5-1.5-1.5z\"><\/path><\/svg><\/span>\n          <\/a>\n          <a class=\"u-custom-color-22 u-gallery-nav u-gallery-nav-next u-opacity u-opacity-70 u-spacing-10 u-text-white u-gallery-nav-2\" href=\"#\" role=\"button\"><span aria-hidden=\"true\">\n              <svg viewBox=\"0 0 8 8\"><path d=\"M2.75 0l-1.5 1.5 2.5 2.5-2.5 2.5 1.5 1.5 4-4-4-4z\"><\/path><\/svg><\/span><span class=\"sr-only\">\n              <svg viewBox=\"0 0 8 8\"><path d=\"M2.75 0l-1.5 1.5 2.5 2.5-2.5 2.5 1.5 1.5 4-4-4-4z\"><\/path><\/svg><\/span>\n          <\/a>\n        <\/div>\n        <div class=\"u-expanded-width u-gallery u-layout-horizontal u-lightbox u-no-transition u-show-text-on-hover u-gallery-2\">\n          <div class=\"u-gallery-inner\"><div class=\"u-effect-fade u-gallery-item u-gallery-item-9\"><div class=\"u-back-slide\" data-image-width=\"600\" data-image-height=\"461\"><img decoding=\"async\" class=\"u-back-image\" src=\"https:\/\/www.pferdezuchtverein-freudenberg.de\/wp-content\/uploads\/2026\/04\/abt4gundlach.jpg\">\n<\/div><div class=\"u-over-slide u-shading u-over-slide-9\"><\/div>\n<\/div><div class=\"u-effect-fade u-gallery-item u-gallery-item-10\"><div class=\"u-back-slide\" data-image-width=\"391\" data-image-height=\"600\"><img decoding=\"async\" class=\"u-back-image\" src=\"https:\/\/www.pferdezuchtverein-freudenberg.de\/wp-content\/uploads\/2026\/04\/abt4lampe1.jpg\">\n<\/div><div class=\"u-over-slide u-shading u-over-slide-10\"><\/div>\n<\/div><div class=\"u-effect-fade u-gallery-item u-gallery-item-11\"><div class=\"u-back-slide\" data-image-width=\"562\" data-image-height=\"600\"><img decoding=\"async\" class=\"u-back-image\" src=\"https:\/\/www.pferdezuchtverein-freudenberg.de\/wp-content\/uploads\/2026\/04\/abt3nordhorn.jpg\">\n<\/div><div class=\"u-over-slide u-shading u-over-slide-11\"><\/div>\n<\/div><div class=\"u-effect-fade u-gallery-item u-gallery-item-12\"><div class=\"u-back-slide\" data-image-width=\"465\" data-image-height=\"600\"><img decoding=\"async\" class=\"u-back-image\" src=\"https:\/\/www.pferdezuchtverein-freudenberg.de\/wp-content\/uploads\/2026\/04\/abt4westermann.jpg\">\n<\/div><div class=\"u-over-slide u-shading u-over-slide-12\"><\/div>\n<\/div><div class=\"u-effect-fade u-gallery-item u-gallery-item-13\"><div class=\"u-back-slide\" data-image-width=\"458\" data-image-height=\"600\"><img decoding=\"async\" class=\"u-back-image\" src=\"https:\/\/www.pferdezuchtverein-freudenberg.de\/wp-content\/uploads\/2026\/04\/abt4siems1.jpg\">\n<\/div><div class=\"u-over-slide u-shading u-over-slide-13\"><\/div>\n<\/div><div class=\"u-effect-fade u-gallery-item u-gallery-item-14\"><div class=\"u-back-slide\" data-image-width=\"525\" data-image-height=\"600\"><img decoding=\"async\" class=\"u-back-image\" src=\"https:\/\/www.pferdezuchtverein-freudenberg.de\/wp-content\/uploads\/2026\/04\/abt3schmidt.jpg\">\n<\/div><div class=\"u-over-slide u-shading u-over-slide-14\"><\/div>\n<\/div><div class=\"u-effect-fade u-gallery-item u-gallery-item-15\" data-image-width=\"600\" data-image-height=\"425\"><div class=\"u-back-slide\"><img decoding=\"async\" class=\"u-back-image\" src=\"https:\/\/www.pferdezuchtverein-freudenberg.de\/wp-content\/uploads\/2026\/04\/abt4heithaus.jpg\">\n<\/div><div class=\"u-over-slide u-shading u-over-slide-15\"><\/div>\n<\/div><div class=\"u-effect-fade u-gallery-item u-gallery-item-16\" data-image-width=\"553\" data-image-height=\"600\"><div class=\"u-back-slide\"><img decoding=\"async\" class=\"u-back-image\" src=\"https:\/\/www.pferdezuchtverein-freudenberg.de\/wp-content\/uploads\/2026\/04\/abt4gundlach1.jpg\">\n<\/div><div class=\"u-over-slide u-shading u-over-slide-16\"><\/div>\n<\/div><\/div>\n          <a class=\"u-absolute-vcenter u-custom-color-22 u-gallery-nav u-gallery-nav-prev u-icon-circle u-opacity u-opacity-70 u-spacing-10 u-gallery-nav-3\" href=\"#\" role=\"button\"><span aria-hidden=\"true\">\n              <svg viewBox=\"0 0 8 8\"><path d=\"M5.25 0l-4 4 4 4 1.5-1.5-2.5-2.5 2.5-2.5-1.5-1.5z\"><\/path><\/svg><\/span><span class=\"sr-only\">\n              <svg viewBox=\"0 0 8 8\"><path d=\"M5.25 0l-4 4 4 4 1.5-1.5-2.5-2.5 2.5-2.5-1.5-1.5z\"><\/path><\/svg><\/span>\n          <\/a>\n          <a class=\"u-absolute-vcenter u-custom-color-22 u-gallery-nav u-gallery-nav-next u-icon-circle u-opacity u-opacity-70 u-spacing-10 u-text-white u-gallery-nav-4\" href=\"#\" role=\"button\"><span aria-hidden=\"true\">\n              <svg viewBox=\"0 0 8 8\"><path d=\"M2.75 0l-1.5 1.5 2.5 2.5-2.5 2.5 1.5 1.5 4-4-4-4z\"><\/path><\/svg><\/span><span class=\"sr-only\">\n              <svg viewBox=\"0 0 8 8\"><path d=\"M2.75 0l-1.5 1.5 2.5 2.5-2.5 2.5 1.5 1.5 4-4-4-4z\"><\/path><\/svg><\/span>\n          <\/a>\n        <\/div>\n      <\/div>\n    <\/section>\n    <section class=\"u-clearfix u-section-8\" id=\"block-5\">\n      <div class=\"u-clearfix u-sheet u-valign-middle u-sheet-1\"><\/div>\n    <\/section>\n    \n    \n    \n  \n<\/div>","protected":false},"excerpt":{"rendered":"<p>14. Freudenberger Freispringwettbewerb&nbsp; &nbsp;12. April 2026 Wir m\u00f6chten an dieser Stelle zun\u00e4chst den Siegern und allen Platzierten unseres14. Freudenberger Freispringwettbewerbesnoch einmal ganz herzlich zu ihrem Erfolg gratulieren&#8230; und nicht vers\u00e4umen, uns auch noch einmal bei unseren Sponsoren Deckstation Paul Schockem\u00f6hle, M\u00fchlenHengsstation Hof Sosath, Gerd Sosath, LemwerderZuchthof Klatte, Lastrup-Klein RoschadenReitartikel &amp; Sattlerei Dirk Schwantz, Syke Gest\u00fct [&hellip;]<\/p>\n","protected":false},"author":2,"featured_media":0,"parent":0,"menu_order":0,"comment_status":"closed","ping_status":"closed","template":"","meta":{"footnotes":""},"class_list":["post-2976","page","type-page","status-publish","hentry"],"_links":{"self":[{"href":"https:\/\/www.pferdezuchtverein-freudenberg.de\/index.php\/wp-json\/wp\/v2\/pages\/2976","targetHints":{"allow":["GET"]}}],"collection":[{"href":"https:\/\/www.pferdezuchtverein-freudenberg.de\/index.php\/wp-json\/wp\/v2\/pages"}],"about":[{"href":"https:\/\/www.pferdezuchtverein-freudenberg.de\/index.php\/wp-json\/wp\/v2\/types\/page"}],"author":[{"embeddable":true,"href":"https:\/\/www.pferdezuchtverein-freudenberg.de\/index.php\/wp-json\/wp\/v2\/users\/2"}],"replies":[{"embeddable":true,"href":"https:\/\/www.pferdezuchtverein-freudenberg.de\/index.php\/wp-json\/wp\/v2\/comments?post=2976"}],"version-history":[{"count":9,"href":"https:\/\/www.pferdezuchtverein-freudenberg.de\/index.php\/wp-json\/wp\/v2\/pages\/2976\/revisions"}],"predecessor-version":[{"id":3024,"href":"https:\/\/www.pferdezuchtverein-freudenberg.de\/index.php\/wp-json\/wp\/v2\/pages\/2976\/revisions\/3024"}],"wp:attachment":[{"href":"https:\/\/www.pferdezuchtverein-freudenberg.de\/index.php\/wp-json\/wp\/v2\/media?parent=2976"}],"curies":[{"name":"wp","href":"https:\/\/api.w.org\/{rel}","templated":true}]}}