{"id":2840,"date":"2026-02-13T12:48:06","date_gmt":"2026-02-13T12:48:06","guid":{"rendered":"https:\/\/www.pferdezuchtverein-freudenberg.de\/?page_id=2840"},"modified":"2026-02-18T12:43:06","modified_gmt":"2026-02-18T12:43:06","slug":"freispringen-info","status":"publish","type":"page","link":"https:\/\/www.pferdezuchtverein-freudenberg.de\/index.php\/freispringen-info\/","title":{"rendered":"Freispringen Info"},"content":{"rendered":"<div class=\"\" style=\"\" >\n    \n    <section class=\"u-clearfix u-section-2\" id=\"block-1\">\n      <div class=\"u-clearfix u-sheet u-sheet-1\">\n        <h5 class=\"u-align-center u-text u-text-custom-color-11 u-text-default u-text-1\">14. Freudenberger Freispringwettbewerb<br>\n          <br>Sonntag, 12. April 2026 - 10.00 Uhr<br>\n        <\/h5>\n        <img decoding=\"async\" class=\"u-expanded-width-xs u-image u-image-contain u-image-default u-image-1\" src=\"https:\/\/www.pferdezuchtverein-freudenberg.de\/wp-content\/uploads\/2025\/04\/FreispringenCleoM-9.jpg\" alt=\"\" data-image-width=\"600\" data-image-height=\"433\">\n        <div class=\"u-align-center u-container-align-center u-container-style u-expanded-width-xs u-group u-palette-5-light-2 u-radius u-shape-round u-group-1\" data-animation-name=\"customAnimationIn\" data-animation-duration=\"1000\" data-animation-delay=\"0\">\n          <div class=\"u-container-layout u-container-layout-1\">\n            <p class=\"u-custom-font u-font-montserrat u-text u-text-custom-color-14 u-text-2\">Nennungsschlu\u00df: 25. M\u00e4rz 2026<br>\n            <\/p>\n          <\/div>\n        <\/div>\n        <div class=\"u-container-style u-expanded-width u-group u-palette-5-light-2 u-radius u-shape-round u-group-2\">\n          <div class=\"u-container-layout u-container-layout-2\">\n            <p class=\"u-align-center u-custom-font u-font-montserrat u-text u-text-black u-text-3\"><span style=\"font-size: 1rem;\">auf der Anlage des RuFV Diek-Bassum e. V., <span style=\"font-weight: 400;\"><\/span>27211 Bassum-Wiebusch<\/span>\n              <br>\n            <\/p>\n            <p class=\"u-align-center u-custom-font u-font-montserrat u-text u-text-4\"><span class=\"u-text-custom-color-11\">zugelassen sind 3- und 4-j\u00e4hrige Warmblutpferde <br>ALLER Zuchtverb\u00e4nde<br>- regul\u00e4rer Wettbewerb -<\/span>\n              <br>\n            <\/p>\n          <\/div>\n        <\/div>\n      <\/div>\n    <\/section>\n    <section class=\"u-clearfix u-section-3\" id=\"block-2\">\n      <div class=\"u-clearfix u-sheet u-valign-bottom-lg u-valign-middle-xs u-sheet-1\">\n        <div class=\"u-container-style u-expanded-width u-group u-palette-5-light-2 u-radius u-shape-round u-group-1\">\n          <div class=\"u-container-layout u-container-layout-1\">\n            <p class=\"u-align-center u-text u-text-1\"><span class=\"u-text-custom-color-13\"><\/span>\n              <br>\n              <br>\n              <br><span style=\"font-weight: 700;\">3-j\u00e4hrige und \u00e4ltere Pferde und Ponys ALLER Rassen<\/span>\n              <br>\n              <br>die hier startenden Pferde\/Ponys erhalten nach der Pr\u00e4sentation eine offene Kommentierung <br>\n              <br>Es erfolgt <span style=\"font-weight: 700;\">KEINE <\/span>Rangierung und Platzierung<br>\n              <br>\n              <br>\n            <\/p>\n            <a href=\"\" class=\"u-align-center u-border-none u-btn u-btn-round u-button-style u-custom-color-14 u-hover-custom-color-14 u-radius u-btn-1\" data-animation-name=\"flash\" data-animation-duration=\"1000\" data-animation-delay=\"0\" data-animation-direction=\"\">! NEU !&nbsp; &nbsp; - &nbsp; Offene Klasse &nbsp;<\/a>\n          <\/div>\n        <\/div>\n      <\/div>\n    <\/section>\n    <section class=\"u-clearfix u-section-4\" id=\"block-5\">\n      <div class=\"u-clearfix u-sheet u-valign-middle-lg u-valign-middle-md u-valign-middle-sm u-valign-middle-xl u-sheet-1\">\n        <div class=\"u-container-style u-expanded-width u-group u-palette-5-light-2 u-radius u-shape-round u-group-1\">\n          <div class=\"u-container-layout u-container-layout-1\">\n            <a href=\"https:\/\/www.pferdezuchtverein-freudenberg.de\/index.php\/freispringen-teilnahmebedingungen\/\" class=\"u-border-2 u-border-black u-btn u-btn-round u-button-style u-custom-color-18 u-hover-palette-2-dark-1 u-radius u-btn-1\">Teilnahmebedingungen<\/a>\n          <\/div>\n        <\/div>\n      <\/div>\n    <\/section>\n    <section class=\"u-clearfix u-section-5\" id=\"block-3\">\n      <div class=\"u-clearfix u-sheet u-valign-middle-lg u-valign-middle-sm u-valign-middle-xl u-valign-middle-xs u-valign-top-md u-sheet-1\">\n        <div class=\"u-align-center u-container-align-center u-container-style u-expanded-width u-group u-palette-5-light-2 u-radius u-shape-round u-group-1\">\n          <div class=\"u-container-layout u-valign-top-lg u-valign-top-md u-valign-top-sm u-valign-top-xs u-container-layout-1\">\n            <p class=\"u-text u-text-1\">Wir bieten folgende Trainingstermine, auf der Anlage des RuFV Diek-Bassum, an:<br>\n              <br><span style=\"font-weight: 700;\">Sonntag, 01. M\u00e4rz 2026 - 10.00 Uhr<br>Sonnabend, 28. M\u00e4rz 2026 - 10.00 Uhr<\/span>\n              <br>\n              <br><span style=\"font-weight: 700; font-size: 1.25rem;\" class=\"u-text-custom-color-19\">K O S T E N L O S !<\/span>\n              <br>\n              <br><span style=\"font-weight: 700;\">Anmeldung BITTE bei: <\/span>\n              <br>Chris Witte, Tel. 0176-34945528<br>\n              <br>\n            <\/p>\n          <\/div>\n        <\/div>\n      <\/div>\n    <\/section>\n    <section class=\"u-clearfix u-section-6\" id=\"block-4\">\n      <div class=\"u-clearfix u-sheet u-valign-middle-sm u-valign-middle-xs u-sheet-1\">\n        <div class=\"u-container-style u-expanded-width u-group u-palette-5-light-2 u-radius u-shape-round u-group-1\">\n          <div class=\"u-container-layout u-valign-bottom-sm u-container-layout-1\">\n            <a href=\"https:\/\/www.pferdezuchtverein-freudenberg.de\/wp-content\/uploads\/2026\/02\/Nennungsformular2026.pdf\" class=\"u-border-2 u-border-grey-75 u-btn u-btn-round u-button-style u-custom-color-18 u-file-link u-hover-palette-2-dark-1 u-radius u-btn-1\">Nennungsformular <br>WETTBEWERB\n            <\/a>\n            <a href=\"https:\/\/www.pferdezuchtverein-freudenberg.de\/wp-content\/uploads\/2026\/02\/Nennungsformular2026freieKlasse.pdf\" class=\"u-border-2 u-border-grey-75 u-btn u-btn-round u-button-style u-custom-color-14 u-file-link u-hover-palette-1-light-1 u-radius u-btn-2\">Nennungsformular <br>OFFENE KLASSE<br>\n            <\/a>\n          <\/div>\n        <\/div>\n      <\/div>\n    <\/section>\n    \n    \n    \n  \n<\/div>","protected":false},"excerpt":{"rendered":"<p>14. Freudenberger Freispringwettbewerb Sonntag, 12. April 2026 &#8211; 10.00 Uhr Nennungsschlu\u00df: 25. M\u00e4rz 2026 auf der Anlage des RuFV Diek-Bassum e. V., 27211 Bassum-Wiebusch zugelassen sind 3- und 4-j\u00e4hrige Warmblutpferde ALLER Zuchtverb\u00e4nde- regul\u00e4rer Wettbewerb &#8211; 3-j\u00e4hrige und \u00e4ltere Pferde und Ponys ALLER Rassen die hier startenden Pferde\/Ponys erhalten nach der Pr\u00e4sentation eine offene Kommentierung Es [&hellip;]<\/p>\n","protected":false},"author":2,"featured_media":0,"parent":0,"menu_order":0,"comment_status":"closed","ping_status":"closed","template":"","meta":{"footnotes":""},"class_list":["post-2840","page","type-page","status-publish","hentry"],"_links":{"self":[{"href":"https:\/\/www.pferdezuchtverein-freudenberg.de\/index.php\/wp-json\/wp\/v2\/pages\/2840","targetHints":{"allow":["GET"]}}],"collection":[{"href":"https:\/\/www.pferdezuchtverein-freudenberg.de\/index.php\/wp-json\/wp\/v2\/pages"}],"about":[{"href":"https:\/\/www.pferdezuchtverein-freudenberg.de\/index.php\/wp-json\/wp\/v2\/types\/page"}],"author":[{"embeddable":true,"href":"https:\/\/www.pferdezuchtverein-freudenberg.de\/index.php\/wp-json\/wp\/v2\/users\/2"}],"replies":[{"embeddable":true,"href":"https:\/\/www.pferdezuchtverein-freudenberg.de\/index.php\/wp-json\/wp\/v2\/comments?post=2840"}],"version-history":[{"count":18,"href":"https:\/\/www.pferdezuchtverein-freudenberg.de\/index.php\/wp-json\/wp\/v2\/pages\/2840\/revisions"}],"predecessor-version":[{"id":2882,"href":"https:\/\/www.pferdezuchtverein-freudenberg.de\/index.php\/wp-json\/wp\/v2\/pages\/2840\/revisions\/2882"}],"wp:attachment":[{"href":"https:\/\/www.pferdezuchtverein-freudenberg.de\/index.php\/wp-json\/wp\/v2\/media?parent=2840"}],"curies":[{"name":"wp","href":"https:\/\/api.w.org\/{rel}","templated":true}]}}