{"id":1966,"date":"2025-04-15T13:56:26","date_gmt":"2025-04-15T13:56:26","guid":{"rendered":"https:\/\/www.pferdezuchtverein-freudenberg.de\/wp_2025\/index.php\/freispringwettbewerb\/"},"modified":"2025-04-26T14:42:41","modified_gmt":"2025-04-26T14:42:41","slug":"freispringwettbewerb","status":"publish","type":"page","link":"https:\/\/www.pferdezuchtverein-freudenberg.de\/index.php\/freispringwettbewerb\/","title":{"rendered":"Freispringwettbewerb2023"},"content":{"rendered":"<div class=\"\" style=\"\" >\n    \n    <section class=\"u-align-center u-clearfix u-container-align-center u-container-align-center-lg u-container-align-center-md u-container-align-center-xl u-gradient u-section-2\" id=\"block-2\">\n      <div class=\"u-clearfix u-sheet u-valign-bottom-md u-valign-middle-sm u-valign-middle-xs u-sheet-1\">\n        <div class=\"data-layout-selected u-clearfix u-expanded-width-lg u-expanded-width-md u-expanded-width-xs u-gutter-26 u-layout-wrap u-radius u-layout-wrap-1\">\n          <div class=\"u-gutter-0 u-layout\">\n            <div class=\"u-layout-row\">\n              <div class=\"u-align-center u-container-align-center u-container-style u-layout-cell u-size-60 u-white u-layout-cell-1\">\n                <div class=\"u-container-layout u-container-layout-1\">\n                  <img decoding=\"async\" class=\"u-expanded-width u-image u-image-contain u-image-default u-image-1\" src=\"https:\/\/www.pferdezuchtverein-freudenberg.de\/wp-content\/uploads\/2025\/04\/FrSprWB2023-1.jpg\" alt=\"\" data-image-width=\"902\" data-image-height=\"742\">\n                  <img decoding=\"async\" class=\"u-expanded-width-lg u-expanded-width-md u-expanded-width-xl u-expanded-width-xs u-image u-image-contain u-image-default u-image-2\" src=\"https:\/\/www.pferdezuchtverein-freudenberg.de\/wp-content\/uploads\/2025\/04\/FrSprWB2023-2.jpg\" alt=\"\" data-image-width=\"869\" data-image-height=\"477\">\n                  <a href=\"https:\/\/www.pferdezuchtverein-freudenberg.de\/wp-content\/uploads\/2025\/04\/FrSprWB2023Ergeb3j1A.pdf\" class=\"u-border-none u-btn u-btn-round u-button-style u-file-link u-hover-palette-5-light-2 u-palette-5-light-1 u-radius u-btn-1\"> ERGEBNISSE - 3-j\u00e4hrige - 1. Abteilung<\/a>\n                  <a href=\"https:\/\/www.pferdezuchtverein-freudenberg.de\/wp-content\/uploads\/2025\/04\/FrSprWB2023Ergeb3j2A.pdf\" class=\"u-border-none u-btn u-btn-round u-button-style u-file-link u-hover-palette-5-light-2 u-palette-5-light-1 u-radius u-btn-2\"> ERGEBNISSE - 3-j\u00e4hrige - 2. Abteilung<\/a>\n                  <a href=\"https:\/\/www.pferdezuchtverein-freudenberg.de\/wp-content\/uploads\/2025\/04\/FrSprWB2023Ergeb4j.pdf\" class=\"u-border-none u-btn u-btn-round u-button-style u-file-link u-hover-palette-5-light-2 u-palette-5-light-1 u-radius u-btn-3\"> ERGEBNISSE - 4-j\u00e4hrige&nbsp; - 1. Abteilung<\/a>\n                  <img decoding=\"async\" class=\"u-expanded-width-xl u-expanded-width-xs u-image u-image-default u-image-3\" src=\"https:\/\/www.pferdezuchtverein-freudenberg.de\/wp-content\/uploads\/2025\/04\/FrSprWB2023-11.jpg\" alt=\"\" data-image-width=\"912\" data-image-height=\"749\">\n                  <img decoding=\"async\" class=\"u-expanded-width-sm u-expanded-width-xl u-expanded-width-xs u-image u-image-default u-image-4\" src=\"https:\/\/www.pferdezuchtverein-freudenberg.de\/wp-content\/uploads\/2025\/04\/FrSprWB2023-12.jpg\" alt=\"\" data-image-width=\"903\" data-image-height=\"737\">\n                  <img decoding=\"async\" class=\"u-expanded-width-lg u-expanded-width-md u-expanded-width-sm u-expanded-width-xs u-image u-image-contain u-image-default u-image-5\" src=\"https:\/\/www.pferdezuchtverein-freudenberg.de\/wp-content\/uploads\/2025\/04\/FrSprWB2023-13.jpg\" alt=\"\" data-image-width=\"897\" data-image-height=\"714\">\n                <\/div>\n              <\/div>\n            <\/div>\n          <\/div>\n        <\/div>\n      <\/div>\n    <\/section>\n    <section class=\"u-align-center u-clearfix u-container-align-center u-palette-5-light-2 u-section-3\" id=\"carousel_1277\">\n      <div class=\"u-clearfix u-sheet u-sheet-1\"><\/div>\n    <\/section>\n    <section class=\"u-clearfix u-palette-5-light-2 u-section-4\" id=\"block-3\">\n      <div class=\"u-clearfix u-sheet u-valign-middle-sm u-valign-middle-xs u-sheet-1\">\n        <img decoding=\"async\" class=\"u-expanded-width u-image u-image-contain u-image-default u-image-1\" src=\"https:\/\/www.pferdezuchtverein-freudenberg.de\/wp-content\/uploads\/2025\/04\/FrSprWB2023-4.jpg\" alt=\"\" data-image-width=\"906\" data-image-height=\"625\">\n        <img decoding=\"async\" class=\"u-expanded-width u-image u-image-contain u-image-default u-image-2\" src=\"https:\/\/www.pferdezuchtverein-freudenberg.de\/wp-content\/uploads\/2025\/04\/FrSprWB2023-6.jpg\" alt=\"\" data-image-width=\"903\" data-image-height=\"594\">\n        <img decoding=\"async\" class=\"u-expanded-width u-image u-image-contain u-image-default u-image-3\" src=\"https:\/\/www.pferdezuchtverein-freudenberg.de\/wp-content\/uploads\/2025\/04\/FrSprWB2023-10.jpg\" alt=\"\" data-image-width=\"905\" data-image-height=\"670\">\n      <\/div>\n    <\/section>\n    <section class=\"u-clearfix u-palette-5-light-2 u-section-5\" id=\"block-4\">\n      <div class=\"u-clearfix u-sheet u-sheet-1\"><\/div>\n    <\/section>\n    \n    \n    \n  \n<\/div>","protected":false},"excerpt":{"rendered":"<p>ERGEBNISSE &#8211; 3-j\u00e4hrige &#8211; 1. Abteilung ERGEBNISSE &#8211; 3-j\u00e4hrige &#8211; 2. Abteilung ERGEBNISSE &#8211; 4-j\u00e4hrige&nbsp; &#8211; 1. Abteilung<\/p>\n","protected":false},"author":1,"featured_media":0,"parent":0,"menu_order":16,"comment_status":"closed","ping_status":"closed","template":"","meta":{"footnotes":""},"class_list":["post-1966","page","type-page","status-publish","hentry"],"_links":{"self":[{"href":"https:\/\/www.pferdezuchtverein-freudenberg.de\/index.php\/wp-json\/wp\/v2\/pages\/1966","targetHints":{"allow":["GET"]}}],"collection":[{"href":"https:\/\/www.pferdezuchtverein-freudenberg.de\/index.php\/wp-json\/wp\/v2\/pages"}],"about":[{"href":"https:\/\/www.pferdezuchtverein-freudenberg.de\/index.php\/wp-json\/wp\/v2\/types\/page"}],"author":[{"embeddable":true,"href":"https:\/\/www.pferdezuchtverein-freudenberg.de\/index.php\/wp-json\/wp\/v2\/users\/1"}],"replies":[{"embeddable":true,"href":"https:\/\/www.pferdezuchtverein-freudenberg.de\/index.php\/wp-json\/wp\/v2\/comments?post=1966"}],"version-history":[{"count":5,"href":"https:\/\/www.pferdezuchtverein-freudenberg.de\/index.php\/wp-json\/wp\/v2\/pages\/1966\/revisions"}],"predecessor-version":[{"id":2286,"href":"https:\/\/www.pferdezuchtverein-freudenberg.de\/index.php\/wp-json\/wp\/v2\/pages\/1966\/revisions\/2286"}],"wp:attachment":[{"href":"https:\/\/www.pferdezuchtverein-freudenberg.de\/index.php\/wp-json\/wp\/v2\/media?parent=1966"}],"curies":[{"name":"wp","href":"https:\/\/api.w.org\/{rel}","templated":true}]}}