{"id":1963,"date":"2025-04-15T13:56:23","date_gmt":"2025-04-15T13:56:23","guid":{"rendered":"https:\/\/www.pferdezuchtverein-freudenberg.de\/wp_2025\/index.php\/pferdezucht\/"},"modified":"2025-04-15T19:51:34","modified_gmt":"2025-04-15T19:51:34","slug":"pferdezucht","status":"publish","type":"page","link":"https:\/\/www.pferdezuchtverein-freudenberg.de\/index.php\/pferdezucht\/","title":{"rendered":"Pferdezucht"},"content":{"rendered":"<div class=\"\" style=\"\" >\n    \n    <section class=\"u-align-center u-clearfix u-container-align-center u-white u-section-2\" id=\"block-3\">\n      <div class=\"u-clearfix u-sheet u-sheet-1\">\n        <div class=\"custom-expanded u-list u-list-1\">\n          <div class=\"u-repeater u-repeater-1\">\n            <div class=\"u-align-left u-border-1 u-border-grey-75 u-container-align-left u-container-style u-list-item u-palette-5-light-2 u-radius-20 u-repeater-item u-shape-round u-list-item-1\" data-animation-name=\"customAnimationIn\" data-animation-duration=\"1500\" data-animation-delay=\"0\">\n              <div class=\"u-container-layout u-similar-container u-container-layout-1\">\n                <div class=\"u-align-center u-container-align-center u-container-style u-group u-radius-50 u-shape-round u-white u-group-1\">\n                  <div class=\"u-container-layout u-valign-middle\">\n                    <h6 class=\"u-text u-text-black u-text-1\">Pferdezucht und Hannoveraner<br>\n                    <\/h6>\n                  <\/div>\n                <\/div>\n                <p class=\"u-align-center u-text u-text-2\">\n                  <br> Die Pferdezucht hat eine weit zur\u00fcckreichende Geschichte und beginnt nach derzeitigem Wissensstand zwischen <br>\n                  <a href=\"https:\/\/de.wikipedia.org\/wiki\/5000_v._Chr.\" class=\"mw-redirect u-active-none u-border-none u-btn u-button-style u-hover-none u-none u-text-palette-1-base u-btn-1\" title=\"5000 v. Chr.\">5000 v. Chr.<\/a> und <a href=\"https:\/\/de.wikipedia.org\/wiki\/3000_v._Chr.\" class=\"mw-redirect u-active-none u-border-none u-btn u-button-style u-hover-none u-none u-text-palette-1-base u-btn-2\" title=\"3000 v. Chr.\">3000 v. Chr.<\/a> etwa zeitgleich in verschiedenen Gebieten Europas, Asiens und Nordafrikas. V\u00f6lker, <br>die Pferde nutzten, waren beweglicher. Die <a href=\"https:\/\/de.wikipedia.org\/wiki\/Domestizierung\" title=\"Domestizierung\" class=\"u-active-none u-border-none u-btn u-button-style u-hover-none u-none u-text-palette-1-base u-btn-3\">Domestizierung<\/a> f\u00fchrte zu einer gewissen Vermischung der verschiedenen <br>Pferderassen, da\n sich der Mensch bem\u00fchte, die jeweils besten Zuchttiere zu verwenden. <br>\n                  <br>Hannoveraner geh\u00f6ren zu den bedeutendsten Pferderassen \nder Welt. Der Hannoveraner Verband nimmt<br> weltweit eine Spitzenposition \nin Zucht und Sport ein und hat dar\u00fcber hinaus ma\u00dfgeblichen Einfluss auf \nviele andere <br>Reitpferdezuchten. Vor allem als Sportler sorgen unsere \nPferde in den Arenen der Welt f\u00fcr Aufsehen.<br>\n                  <br><span style=\"font-weight: 700;\">Hannoveraner Zuchtziel<\/span>\n                  <br>Gez\u00fcchtet wird der Hannoveraner als \nRasse mit besonderer Eignung f\u00fcr den Reitsport. Es werden Pferde \nangestrebt, die aufgrund ihrer inneren Eigenschaften, der Rittigkeit, \nihres \u00e4u\u00dferen Erscheinungsbildes, des Bewegungsablaufs, der \nSpringveranlagung und der Gesundheit ideale <br>Leistungs- und \nFreizeitpferde sind.Auf dieser Grundlage wird die Zucht von \nPferden mit einer Schwerpunktveranlagung f\u00fcr eine der <br>Disziplinen \nDressur, Springen oder Vielseitigkeit angestrebt.<br> Mit den genannten Eigenschaften wird auch die Zucht von Pferden angestrebt, die Qualit\u00e4ten f\u00fcr den Fahrsport besitzen.<br> Das Zuchtziel bietet jedem einzelnen Z\u00fcchter gen\u00fcgend Spielraum, seine eigenen Vorstellungen umzusetzen. \n                <\/p>\n              <\/div>\n            <\/div>\n          <\/div>\n        <\/div>\n        <div class=\"custom-expanded u-list u-list-2\">\n          <div class=\"u-repeater u-repeater-2\">\n            <div class=\"u-align-left u-border-1 u-border-grey-75 u-container-align-left u-container-style u-list-item u-palette-5-light-2 u-radius-20 u-repeater-item u-shape-round u-list-item-2\" data-animation-name=\"customAnimationIn\" data-animation-duration=\"1500\" data-animation-delay=\"0\">\n              <div class=\"u-container-layout u-similar-container u-valign-top u-container-layout-3\">\n                <div class=\"u-align-center u-container-align-center u-container-style u-group u-radius-50 u-shape-round u-white u-group-2\">\n                  <div class=\"u-container-layout\">\n                    <h6 class=\"u-text u-text-black u-text-3\">Geehrte Z\u00fcchter der letzten Jahre<br>\n                    <\/h6>\n                  <\/div>\n                <\/div>\n              <\/div>\n            <\/div>\n          <\/div>\n        <\/div>\n        <div class=\"custom-expanded data-layout-selected u-clearfix u-gutter-0 u-layout-wrap u-layout-wrap-1\">\n          <div class=\"u-layout\" style=\"\">\n            <div class=\"u-layout-row\" style=\"\">\n              <div class=\"u-align-left u-container-align-left u-container-style u-layout-cell u-left-cell u-size-30 u-size-xs-60 u-white u-layout-cell-1\" src=\"\">\n                <div class=\"u-container-layout u-container-layout-5\">\n                  <p class=\"u-text u-text-4\"> &nbsp;&nbsp;&nbsp;&nbsp;&nbsp;&nbsp;&nbsp;&nbsp;&nbsp;&nbsp;&nbsp;&nbsp;&nbsp;&nbsp;&nbsp;&nbsp; <span style=\"font-weight: 700;\">Z\u00fcchter des Jahres 2023<\/span>\n                    <br>\n                    <br><span style=\"font-size: 0.875rem;\">Z<span style=\"font-size: 1rem;\">um Z\u00fcchter des Jahres 2023 zeichnet Hendrik H\u00fcsker im Anschlu\u00df <\/span><\/span><span style=\"font-size: 1rem;\">Heinz Rudolf Grade aus Heiligenloh aus. <br><\/span>\n                    <br><span style=\"font-size: 1rem;\">Seine bedeutendsten Zuchtstuten Sevilla v. Landadel\/Servus und Semiramis\n v. Aldatus Z\/Landadel, eine Tochter der Sevilla, brachten \u201aPferde f\u00fcr \nden gro\u00dfen Sport\u2018. <\/span><span style=\"font-size: 1rem;\">\n                      <br>So ist z. B.&nbsp; Semiramis die Gro\u00dfmutter des \nErfolgspferdes \u201aNupafeed\u2019s La Vista\u2018 (v. Lordanos, a. d. Fantasie v. For Pleasure) von Sandra Auffahrt,\n Ganderkesee, die zusammen im letzten Jahr beim Hamburger Derby in \nKlein-Flottbeck hoch platziert waren. Fantasie wurde seinerzeit von der \nFamilie Auffahrt von Heinz Grade\n erworben und geh\u00f6rt zu den Stammstuten in Ganderkesee. <br>Weiterhin \nerblickten von 1975 bis heute allein 90 Hannoveraner Fohlen in \nHeiligenloh das Licht der Welt, vornehmlich mit Springabstammung. Auch \nauf den Verdener Auktionen und bei den Bundeschampionaten sind immer \nwieder Pferde von ihm dabei.<br>Nach den Ehrungen erh\u00e4lt der 1. Vorsitzende, Hendrik H\u00fcsker, ebenfalls eine Urkunde des Hannoveraner Verband e. V., aus den H\u00e4nden des 2. Vorsitzenden, Viktor Soller.\n Seine Stute von Best of Gold\/Serano Gold\/Rohdiamant erhielt auf der \nStutenschau des Brokser Stuten- und Fohlenevent 2022 einen 1A-Preis und \ndie Pr\u00e4mienanwartwartschaft.<\/span>\n                  <\/p>\n                <\/div>\n              <\/div>\n              <div class=\"u-align-center u-container-align-center u-container-style u-file-link u-image u-layout-cell u-right-cell u-size-30 u-size-xs-60 u-image-1\" src=\"\" data-image-width=\"921\" data-image-height=\"971\" data-href=\"https:\/\/www.pferdezuchtverein-freudenberg.de\/wp-content\/uploads\/2025\/04\/2023-zgj-11.jpg\" data-target=\"_blank\" style=\"background-image: url(&quot;https:\/\/www.pferdezuchtverein-freudenberg.de\/wp-content\/uploads\/2025\/04\/2023-zgj-37-2.jpg&quot;);\">\n                <div class=\"u-container-layout u-valign-middle u-container-layout-6\" src=\"\"><\/div>\n              <\/div>\n            <\/div>\n          <\/div>\n        <\/div>\n        <div class=\"custom-expanded data-layout-selected u-clearfix u-gutter-0 u-layout-wrap u-layout-wrap-2\">\n          <div class=\"u-layout\" style=\"\">\n            <div class=\"u-layout-row\" style=\"\">\n              <div class=\"u-align-left u-container-align-left u-container-style u-layout-cell u-left-cell u-size-30 u-size-xs-60 u-white u-layout-cell-3\" src=\"\">\n                <div class=\"u-container-layout u-container-layout-7\">\n                  <p class=\"u-text u-text-5\"> &nbsp;&nbsp;&nbsp;&nbsp;&nbsp;&nbsp;&nbsp;&nbsp;&nbsp;&nbsp;&nbsp;&nbsp;&nbsp;&nbsp;&nbsp;&nbsp; <span style=\"font-weight: 700;\">Z\u00fcchter des Jahres 2021<\/span>\n                    <br>\n                    <br><span style=\"font-size: 0.875rem;\"><\/span><span style=\"font-size: 1rem;\">Unter dem TOP - Ehrung -&nbsp;zeichnete der 1. Vorsitzende Bernhard Sieverding f\u00fcr die Zucht eines besonderen Pferdes zum Z\u00fcchter des Jahres 2021 aus. <\/span>\n                    <br><span style=\"font-size: 1rem;\">Bis zum heutigen Tage kamen in Twistringen viele TOP Pferde zur Welt - aber einer ragt besonders heraus. Der Sohn des Florencio, a. d. La Corunia von Lanciano\/Bolero, FERDINAND BB. Der im Jahr 2009 geborene Wallach hat unter seiner Reiterin, Doppel-Olympasiergerin und Eurpameisterin Jessica von Bredow-Werndl,&nbsp;\n in den letzten Jahren eine Dressurpr\u00fcfung nach der n\u00e4chsten gewonnen - \nund dann im letzten Jahr auf dem wohl bedeutendsten Turnier der Welt, \ndem CHIO in Aachen, den renommierten Grand Prix Special. Mit ihrem Sieg verhalf sie dem deutschen Team zum Dressur-Nationenpreis. <\/span>\n                    <br><span style=\"font-size: 1rem;\">Hendrik H\u00fcsker <\/span><span style=\"font-size: 1rem;\">gratuliert Bernhard Sieverding ganz herzlich zu diesem z\u00fcchterischen Erfolg und \u00fcberreicht ihm ein Pr\u00e4sent. Der Pr\u00e4sident des Hannoveraner Verbandes, Dr. Hinni L\u00fchrs-Behnke, gratuliert ebenfalls ganz herzlich und hat f\u00fcr Bernhard Sieverding zus\u00e4tzlich DAS I-T\u00fcpfelchen dabei: die Vergabe des Namenszusatz FRH - eine Auszeichnung f\u00fcr talentierte Spitzenpferde&nbsp;des Verein zur F\u00f6rderung der Reiterei auf hannoverschen Pferden. <\/span>\n                  <\/p>\n                <\/div>\n              <\/div>\n              <div class=\"u-align-center u-container-align-center u-container-style u-file-link u-image u-layout-cell u-right-cell u-size-30 u-size-xs-60 u-image-2\" src=\"\" data-image-width=\"949\" data-image-height=\"931\" data-href=\"https:\/\/www.pferdezuchtverein-freudenberg.de\/wp-content\/uploads\/2025\/04\/2021-zdj-11.jpg\" style=\"background-image: url(&quot;https:\/\/www.pferdezuchtverein-freudenberg.de\/wp-content\/uploads\/2025\/04\/2021-zdj-38-2.jpg&quot;);\">\n                <div class=\"u-container-layout u-valign-middle u-container-layout-8\" src=\"\"><\/div>\n              <\/div>\n            <\/div>\n          <\/div>\n        <\/div>\n      <\/div>\n    <\/section>\n    <section class=\"u-align-center u-clearfix u-container-align-center u-palette-5-light-2 u-section-3\" id=\"carousel_1277\">\n      <div class=\"u-clearfix u-sheet u-sheet-1\"><\/div>\n    <\/section>\n    \n    \n    \n  \n<\/div>","protected":false},"excerpt":{"rendered":"<p>Pferdezucht und Hannoveraner Die Pferdezucht hat eine weit zur\u00fcckreichende Geschichte und beginnt nach derzeitigem Wissensstand zwischen 5000 v. Chr. und 3000 v. Chr. etwa zeitgleich in verschiedenen Gebieten Europas, Asiens und Nordafrikas. V\u00f6lker, die Pferde nutzten, waren beweglicher. Die Domestizierung f\u00fchrte zu einer gewissen Vermischung der verschiedenen Pferderassen, da sich der Mensch bem\u00fchte, die jeweils [&hellip;]<\/p>\n","protected":false},"author":1,"featured_media":0,"parent":0,"menu_order":13,"comment_status":"closed","ping_status":"closed","template":"","meta":{"footnotes":""},"class_list":["post-1963","page","type-page","status-publish","hentry"],"_links":{"self":[{"href":"https:\/\/www.pferdezuchtverein-freudenberg.de\/index.php\/wp-json\/wp\/v2\/pages\/1963","targetHints":{"allow":["GET"]}}],"collection":[{"href":"https:\/\/www.pferdezuchtverein-freudenberg.de\/index.php\/wp-json\/wp\/v2\/pages"}],"about":[{"href":"https:\/\/www.pferdezuchtverein-freudenberg.de\/index.php\/wp-json\/wp\/v2\/types\/page"}],"author":[{"embeddable":true,"href":"https:\/\/www.pferdezuchtverein-freudenberg.de\/index.php\/wp-json\/wp\/v2\/users\/1"}],"replies":[{"embeddable":true,"href":"https:\/\/www.pferdezuchtverein-freudenberg.de\/index.php\/wp-json\/wp\/v2\/comments?post=1963"}],"version-history":[{"count":3,"href":"https:\/\/www.pferdezuchtverein-freudenberg.de\/index.php\/wp-json\/wp\/v2\/pages\/1963\/revisions"}],"predecessor-version":[{"id":2012,"href":"https:\/\/www.pferdezuchtverein-freudenberg.de\/index.php\/wp-json\/wp\/v2\/pages\/1963\/revisions\/2012"}],"wp:attachment":[{"href":"https:\/\/www.pferdezuchtverein-freudenberg.de\/index.php\/wp-json\/wp\/v2\/media?parent=1963"}],"curies":[{"name":"wp","href":"https:\/\/api.w.org\/{rel}","templated":true}]}}